 11?
11
Suppose -200*r + 747 = -199*r. What is the greatest common factor of r and 9?
9
Let l be 3 + (-3)/6*6. Suppose l = -2*m + 6 + 36. Suppose 0*u - m = -3*u. Calculate the greatest common factor of 1 and u.
1
Let d be (-23376)/(-112) - (-4)/14. Let s be (-19)/((-3)/(4 + -1)). What is the greatest common divisor of s and d?
19
Suppose -56*f + 54*f + 12 = 0. Let g(y) = y**3 - 18*y**2 + 18*y - 14. Let p be g(17). Calculate the greatest common divisor of p and f.
3
Suppose -66*g + 336 = -192. Calculate the highest common divisor of g and 248.
8
Let o(r) = -8*r - 10. Let c be o(-10). Calculate the highest common divisor of 42 and c.
14
Let q(t) be the first derivative of 55*t**4/4 + t**3/3 + t**2/2 - t - 9. Let x be q(1). Calculate the highest common factor of x and 8.
8
Suppose 4*d + v - 75 + 7 = 0, -d + 30 = -3*v. Suppose 11*b - 20 - 79 = 0. What is the highest common divisor of b and d?
9
Let w(y) = -28*y**2 - 195*y + 9. Let o be w(-7). What is the highest common factor of 16 and o?
2
Let v be ((-2)/7)/((-8)/56). Suppose p - 3 = v. Suppose 3*j = p*j - 140. What is the highest common divisor of 14 and j?
14
Let o = -82 - -164. Let r = -66 + o. Calculate the greatest common factor of 80 and r.
16
Let q(p) = -p - 4. Let i be q(-11). Let y be (-21)/(-2)*(-18)/(-27). Calculate the greatest common factor of y and i.
7
Let r(a) = -6*a - 30. Let y be r(-7). What is the highest common factor of 48 and y?
12
Let a = -4 - -6. Let h(v) = 3*v**2 + v - 2*v**a - 3 + 2 - 3. Let g be h(-4). Calculate the greatest common factor of 64 and g.
8
Let o(t) = -3*t + 114. Let l be o(23). Calculate the highest common divisor of 315 and l.
45
Let o(u) = -u + 33. Let k be o(9). What is the highest common factor of k and 56?
8
Suppose 4*z = -127 + 135. What is the greatest common divisor of z and 47?
1
Let c(k) = k**3 - 8*k - 63. Let i be c(6). What is the highest common factor of i and 555?
15
Suppose -35 = -j - 5. Let i be (0/4 - -3) + j. Suppose -57 = -5*d - 2. Calculate the highest common factor of i and d.
11
Suppose -46 = -6*a + 242. What is the greatest common factor of 1536 and a?
48
Let m(c) = -47*c + 2. Let z be m(-5). Let b = 625 - z. Let s = b + -124. Calculate the highest common factor of 24 and s.
24
Let o(g) = g**2 + 13*g + 16. Suppose 65 = -21*v + 16*v. Let i be o(v). Calculate the highest common divisor of i and 16.
16
Let y be 6/45 - 1432/(-60). What is the greatest common divisor of y and 1096?
8
Let z(j) = -2*j**2 + 4*j + 4. Let p be z(0). Let m = -12 + 1. Let b = 31 + m. Calculate the greatest common divisor of p and b.
4
Let t be 15/(-1 + 6) + 1. Calculate the highest common factor of t and 76.
4
Let t = -3 - 0. Suppose 5*m - 58 + 38 = 0. Let s be 6 - m/(t - -1). What is the highest common factor of 8 and s?
8
Suppose -i - 5*b + 243 = 0, 537 = 4*i + 5*b - 465. Calculate the greatest common factor of i and 23.
23
Let k(g) = 6*g**2 + 4*g - 8. Let n be k(-4). Calculate the highest common factor of 24 and n.
24
Let x be 205/2 + 35/(-70). What is the greatest common divisor of x and 12?
6
Let h be (-8)/(-14)*35/10. Suppose h*s = -s + 9. Suppose s = f - 2. Calculate the highest common divisor of f and 55.
5
Let n be (((-385)/33)/(-7))/((-1)/(-54)). What is the greatest common divisor of n and 48?
6
Let k be (-2 + 20)*(-16 - -20). Calculate the greatest common divisor of 96 and k.
24
Suppose 0 = 10*p - 1479 + 1429. What is the greatest common factor of 445 and p?
5
Let c be -3*(-1)/5 + 26364/260. Calculate the greatest common factor of 136 and c.
34
Suppose 4*v - 3*r = 207, 3*v + 2 = -3*r + 173. Suppose -i + 5*i = 72. What is the highest common factor of i and v?
18
Suppose 3*j = u - 35, -175 = -5*u - j - j. What is the highest common divisor of u and 14?
7
Let k be (-5 - -1)*((-10)/(-2) - 12). What is the greatest common divisor of 532 and k?
28
Let v(w) = 2*w**3 + 15*w**2 + 7*w + 3. Let a be v(-7). Suppose 19 + 1 = -4*c, -a*c = 4*k - 53. What is the greatest common divisor of 136 and k?
17
Let b be (258 - 0) + 10/25*-5. Calculate the greatest common divisor of b and 32.
32
Let y be -3 + (-18)/(-12) - (-149)/2. Let s = y + -1. Let c(d) = -d + 2. Let t be c(-6). Calculate the greatest common divisor of s and t.
8
Let t(v) = 57*v + 28*v + 3 - 4 + 21*v. Let u be t(1). What is the greatest common factor of 42 and u?
21
Let m(n) = n**3 + 4*n**2 - 7*n + 1. Let a be m(-5). Let h be 0 + (2 - (-4)/4). Suppose 0 = h*p - 0*p - 132. What is the greatest common factor of p and a?
11
Suppose -4*o - 4*d + 22 = o, 2*o - d - 1 = 0. Let f = 356 - 355. What is the greatest common factor of f and o?
1
Let k be 11/(66/(-4))*-21. Calculate the greatest common factor of 175 and k.
7
Suppose 29*d - 22827 = -4760. Calculate the greatest common divisor of d and 7.
7
Let l(m) = -3*m**3 + 2*m**2 + 2*m + 1. Let x be l(-1). Suppose x*d - 169 = 467. Let i = d + -94. Calculate the highest common divisor of i and 26.
13
Let h(i) be the first derivative of 5*i**2/2 - 5*i + 1. Let l be 17/4 + (-7)/28. Let b be h(l). What is the highest common divisor of 5 and b?
5
Let o(s) = -31*s - 5. Let y be o(-4). Let a = 4971 + -4937. What is the highest common factor of y and a?
17
Suppose 0 = v + 25 - 24. Let u(p) = 9*p**2 - p - 1. Let x be u(v). What is the highest common divisor of x and 27?
9
Suppose 70 = 5*j - n + 6*n, -3*n + 6 = 0. Suppose 0*r = 4*r - 36. What is the greatest common factor of j and r?
3
Let s(z) = 8*z + 14. Let n be s(6). Suppose 0 = d - 64 + n. Calculate the highest common factor of d and 4.
2
Let z(q) = -32*q + 70. Let m be z(-5). Calculate the highest common factor of m and 322.
46
Let t = 23 + -20. Suppose -4*h = -4*k - 12, -t*k + 2*h + 3 = 3*h. Suppose -4*x = 4*j - 84, k*j + 3*j = -5*x + 53. What is the highest common factor of 13 and j?
13
Let m = 51 + -40. Suppose m*l = 7*l + 96. Calculate the highest common factor of 18 and l.
6
Let s = -591 + 679. Let p(u) = 3*u - 7. Suppose 0 = -r + 2*y + 13, -r - 4*r + 41 = -4*y. Let c be p(r). Calculate the greatest common divisor of s and c.
8
Suppose 0 = -5*q + 21 + 104. What is the highest common divisor of 925 and q?
25
Let w = -8 + 32. Let a = -17 + -1. Let o = 6 - a. Calculate the highest common divisor of o and w.
24
Let o(z) = -z**3 - 7*z**2 + 3*z - 2. Let n be o(-7). Let m be (-4*(-82)/(-12))/((-4)/6). Let w = n + m. What is the highest common divisor of w and 45?
9
Suppose -6*b = -b - 10. Suppose -2*h - 3*f = 2*h - 33, 2*h = f + 9. Suppose h = 4*d + 3*j - j, 5*d - 7 = -3*j. Calculate the greatest common factor of d and b.
2
Suppose 2*i + 4*x - 30 = 0, -38 = -4*i + 5*x + 74. Let o = 133 - 64. What is the highest common factor of o and i?
23
Suppose -3*z - 33 = -l, 24 = l - 5*z - 9. What is the greatest common divisor of l and 77?
11
Let w be (4/4 - 6) + 100. Calculate the greatest common divisor of w and 152.
19
Suppose -287 = y - 284. Let j be (-422)/y + 18/(-27). Suppose 0 = x + 5*b - 50 - 11, 3*x = 2*b + 166. Calculate the greatest common factor of j and x.
28
Let s(u) = 7*u**3 + 3*u**2 + 2*u + 4. Let d be s(-2). Let w = -28 - d. What is the greatest common factor of 16 and w?
16
Let d be (-2 - -3)*-1 - -613. Calculate the greatest common factor of d and 136.
68
Let c be (-1)/(-3)*(-6)/(-2). Let o(y) = -100*y - 2. Let l be o(c). Let q = l - -206. What is the highest common factor of q and 13?
13
Let t(s) = -s + 52. Let z be (-1 - 1) + 15*(-5)/(-5). Let f be t(z). Calculate the greatest common divisor of f and 39.
39
Let y be (((-42)/4)/1)/(13/(-130)). Suppose 2*l = 3 + 3. Suppose -c + 88 = 4*m, -38 = -l*m + 4*c + 9. What is the highest common divisor of y and m?
21
Suppose 4*n = 4*b - 4, -3*b + 3 = 2*n - 4*b. Calculate the highest common divisor of n and 54.
2
Let h be (-31)/31 - (-2 + -17). What is the highest common divisor of 882 and h?
18
Let l(k) = 2*k**2 + 38*k - 102. Let d be l(8). What is the greatest common factor of 550 and d?
110
Let k be -27*(2 - 12/9). Let l = 35 + k. Suppose -l + 2 = -5*b. Calculate the greatest common divisor of 1 and b.
1
Suppose 8*g - 115 = 3*g. What is the greatest common divisor of g and 115?
23
Let d = -7 - -20. What is the highest common factor of 104 and d?
13
Suppose -1520 = 12*c - 20*c. Calculate the greatest common divisor of 76 and c.
38
Suppose 0 = -5*z + 4*c - 18, -2*c -